{"id":281,"date":"2017-01-21T16:52:30","date_gmt":"2017-01-21T15:52:30","guid":{"rendered":"http:\/\/www.zkszg-bfs.ch\/?page_id=281"},"modified":"2024-07-11T15:55:43","modified_gmt":"2024-07-11T14:55:43","slug":"kontakt","status":"publish","type":"page","link":"https:\/\/www.zkszg-bfs.ch\/?page_id=281","title":{"rendered":"Kontakt"},"content":{"rendered":"<p>&nbsp;<\/p>\n<p><strong>Pr\u00e4sident, <\/strong><strong>Zuchtbuchf\u00fchrer:<\/strong><br>Binder Andreas<br>Ausserdorfstrasse 3<br>8933 Maschwanden<br>andreas_binder@bluewin.ch<\/p>\n<p><strong>Alpmeister Alp Ramuz:<\/strong><br>Metz Ueli<br>Hohrainstrasse 12<br>8874 M\u00fchlehorn<br>metz12@bluewin.ch<\/p>\n<p><strong>Alpmeister S\u00f6mmerigsroos, Vizepr\u00e4sident<\/strong><br>K\u00e4ppeli Roland<br>Oergelackerstrasse 2<br>8707 Uetikon am See<br>kaeppeli.roland@gmx.ch<\/p>\n<p><strong>Kassier:<br><\/strong>Menzi Peter<br>Tr\u00e4nkenbachstrasse 19<br>8712 St\u00e4fa<br>dpmenzi@gmx.ch<\/p>\n<p><strong>Aktuarin<\/strong><strong>:<br><\/strong>Feusi Karin<br>Blumenstrasse 12<br>8820 W\u00e4denswil<br>k.feusi@waedivet.ch<\/p>\n<p><strong>Festwirt Best\u00e4ndeschau ZKSZG:<\/strong><br>Beni Kehrli<br>Niederhofen 23<br>8363 Bichelsee<br>alma.kehrli@gmail.com<\/p>\n<p><strong>Hallenchef Best\u00e4ndeschau ZKSZG:<br><\/strong>Fritschi Reto<br>Weiacherstrasse 44<br>8427 Rorbas<br>retofritschi@hispeed.ch<\/p>\n<p><strong>Website:<br><\/strong>H\u00e4nni Marc<br>Untere Scheugstrasse 1<br>8707 Uetikon am See<br>marc@haenni-hauser.ch<\/p>\n<p>&nbsp;<\/p>\n\n\n<div class=\"wp-block-file\"><a id=\"wp-block-file--media-39ade8b4-6773-40c0-8adb-9ec8acd3fb4a\" href=\"http:\/\/www.zkszg-bfs.ch\/wp-content\/uploads\/2022\/08\/Datenschutzerklaerung-ZKSZG.docx\">Datenschutzerklaerung-ZKSZG<\/a><\/div>\n","protected":false},"excerpt":{"rendered":"<p>&nbsp; Pr\u00e4sident, Zuchtbuchf\u00fchrer:Binder AndreasAusserdorfstrasse 38933 Maschwandenandreas_binder@bluewin.ch Alpmeister Alp Ramuz:Metz UeliHohrainstrasse 128874 M\u00fchlehornmetz12@bluewin.ch Alpmeister S\u00f6mmerigsroos, Vizepr\u00e4sidentK\u00e4ppeli RolandOergelackerstrasse 28707 Uetikon am Seekaeppeli.roland@gmx.ch Kassier:Menzi PeterTr\u00e4nkenbachstrasse 198712 St\u00e4fadpmenzi@gmx.ch Aktuarin:Feusi KarinBlumenstrasse 128820 W\u00e4denswilk.feusi@waedivet.ch Festwirt Best\u00e4ndeschau&#8230; <a href=\"https:\/\/www.zkszg-bfs.ch\/?page_id=281\">Read more &raquo;<\/a><\/p>\n","protected":false},"author":1,"featured_media":0,"parent":0,"menu_order":0,"comment_status":"closed","ping_status":"closed","template":"","meta":{"ngg_post_thumbnail":0,"footnotes":""},"class_list":["post-281","page","type-page","status-publish","hentry"],"_links":{"self":[{"href":"https:\/\/www.zkszg-bfs.ch\/index.php?rest_route=\/wp\/v2\/pages\/281","targetHints":{"allow":["GET"]}}],"collection":[{"href":"https:\/\/www.zkszg-bfs.ch\/index.php?rest_route=\/wp\/v2\/pages"}],"about":[{"href":"https:\/\/www.zkszg-bfs.ch\/index.php?rest_route=\/wp\/v2\/types\/page"}],"author":[{"embeddable":true,"href":"https:\/\/www.zkszg-bfs.ch\/index.php?rest_route=\/wp\/v2\/users\/1"}],"replies":[{"embeddable":true,"href":"https:\/\/www.zkszg-bfs.ch\/index.php?rest_route=%2Fwp%2Fv2%2Fcomments&post=281"}],"version-history":[{"count":20,"href":"https:\/\/www.zkszg-bfs.ch\/index.php?rest_route=\/wp\/v2\/pages\/281\/revisions"}],"predecessor-version":[{"id":2867,"href":"https:\/\/www.zkszg-bfs.ch\/index.php?rest_route=\/wp\/v2\/pages\/281\/revisions\/2867"}],"wp:attachment":[{"href":"https:\/\/www.zkszg-bfs.ch\/index.php?rest_route=%2Fwp%2Fv2%2Fmedia&parent=281"}],"curies":[{"name":"wp","href":"https:\/\/api.w.org\/{rel}","templated":true}]}}